94 is divided by 1706.
124
Calculate the remainder when 10268 is divided by 842.
164
What is the remainder when 5954605 is divided by 661620?
25
Calculate the remainder when 656669 is divided by 218839.
152
What is the remainder when 28864 is divided by 2897?
2791
What is the remainder when 8036224 is divided by 268?
244
What is the remainder when 4417670 is divided by 56?
54
What is the remainder when 775253 is divided by 195?
128
What is the remainder when 32287798 is divided by 16143825?
148
What is the remainder when 363959316 is divided by 1192?
1188
What is the remainder when 1660943280 is divided by 303?
300
Calculate the remainder when 67946 is divided by 816.
218
What is the remainder when 6257842 is divided by 442?
6
Calculate the remainder when 2072643 is divided by 1116.
231
Calculate the remainder when 140700 is divided by 140684.
16
Calculate the remainder when 34584 is divided by 586.
10
Calculate the remainder when 1179993 is divided by 196665.
3
Calculate the remainder when 14036279 is divided by 691.
687
What is the remainder when 52320775 is divided by 52320774?
1
Calculate the remainder when 6787408 is divided by 2261806.
1990
What is the remainder when 207447 is divided by 362?
21
Calculate the remainder when 533593557 is divided by 1545.
1542
What is the remainder when 61148506 is divided by 471?
460
What is the remainder when 147059 is divided by 42?
17
Calculate the remainder when 1411915 is divided by 2664.
2659
What is the remainder when 1599048 is divided by 7507?
57
What is the remainder when 371104 is divided by 106?
104
Calculate the remainder when 882017 is divided by 2418.
1865
What is the remainder when 28162 is divided by 14034?
94
Calculate the remainder when 336018 is divided by 7467.
3
Calculate the remainder when 46810347 is divided by 254404.
11
What is the remainder when 238845 is divided by 47747?
110
Calculate the remainder when 33511 is divided by 9893.
3832
Calculate the remainder when 705503 is divided by 35274.
23
What is the remainder when 6323641 is divided by 1264728?
1
Calculate the remainder when 10145288 is divided by 137.
27
Calculate the remainder when 679983 is divided by 144.
15
What is the remainder when 8207470 is divided by 331?
325
What is the remainder when 557239 is divided by 211?
199
What is the remainder when 38791372 is divided by 2359?
2335
What is the remainder when 519718 is divided by 244?
242
What is the remainder when 2223787 is divided by 1134?
13
What is the remainder when 4004726 is divided by 4099?
3
Calculate the remainder when 24885 is divided by 22603.
2282
What is the remainder when 376648057 is divided by 26?
19
What is the remainder when 427077 is divided by 20325?
252
What is the remainder when 172877 is divided by 8186?
971
What is the remainder when 601653799 is divided by 10?
9
Calculate the remainder when 240259 is divided by 4313.
3044
Calculate the remainder when 93156 is divided by 30949.
309
What is the remainder when 5623837 is divided by 213?
211
What is the remainder when 674001 is divided by 405?
81
Calculate the remainder when 66320127 is divided by 1568.
1567
Calculate the remainder when 6896585 is divided by 188.
181
Calculate the remainder when 12202 is divided by 4568.
3066
What is the remainder when 313987 is divided by 52257?
445
What is the remainder when 28952957 is divided by 37996?
5
What is the remainder when 5825926 is divided by 4268?
106
What is the remainder when 1111285 is divided by 52?
45
Calculate the remainder when 83980789 is divided by 101.
97
Calculate the remainder when 332110 is divided by 83017.
42
Calculate the remainder when 629177954 is divided by 68.
66
What is the remainder when 4647789 is divided by 258209?
27
What is the remainder when 61691 is divided by 554?
197
What is the remainder when 262327977 is divided by 31?
25
Calculate the remainder when 47253 is divided by 3121.
438
What is the remainder when 4588268 is divided by 764687?
146
Calculate the remainder when 64762 is divided by 9169.
579
What is the remainder when 97850 is divided by 3557?
1811
Calculate the remainder when 296237 is divided by 10575.
137
What is the remainder when 9574 is divided by 9522?
52
Calculate the remainder when 491625 is divided by 152.
57
Calculate the remainder when 474878 is divided by 158278.
44
Calculate the remainder when 293858 is divided by 73426.
154
What is the remainder when 5913691 is divided by 638?
69
Calculate the remainder when 56743044 is divided by 3707.
3702
Calculate the remainder when 16527 is divided by 2339.
154
What is the remainder when 285515 is divided by 57100?
15
Calculate the remainder when 2460344 is divided by 954.
932
What is the remainder when 12332569 is divided by 229?
3
What is the remainder when 13995900 is divided by 61?
60
Calculate the remainder when 9736593 is divided by 872.
713
Calculate the remainder when 9324317 is divided by 808.
805
What is the remainder when 1036565 is divided by 242?
79
Calculate the remainder when 291147 is divided by 14555.
47
What is the remainder when 1923646 is divided by 9338?
18
What is the remainder when 18664924 is divided by 746596?
24
Calculate the remainder when 210973 is divided by 4729.
2897
What is the remainder when 878820 is divided by 39946?
8
What is the remainder when 497271 is divided by 42?
33
What is the remainder when 64835 is divided by 224?
99
What is the remainder when 17113727 is divided by 582?
17
Calculate the remainder when 65272397 is divided by 16318091.
33
Calculate the remainder when 56402 is divided by 18741.
179
What is the remainder when 255153 is divided by 230?
83
Calculate the remainder when 208928 is divided by 641.
603
What is the remainder when 2171945 is divided by 120652?
209
What is the remainder when 503284 is divided by 9?
4
What is the remainder when 37336661 is divided by 259?
257
What is the remainder when 4401308 is divided by 89?
80
Calculate the remainder when 1520807 is divided by 3850.
57
Calculate the remainder when 1630240 is divided by 46576.
80
What is the remainder when 677318 is divided by 1515?
113
Calculate the remainder when 218395 is divided by 806.
775
Calculate the remainder when 17524350 is divided by 59.
52
What is the remainder when 161301 is divided by 161274?
27
What is the remainder when 340233 is divided by 113394?
51
Calculate the remainder when 117962 is divided by 23591.
7
What is the remainder when 200369 is divided by 965?
614
What is the remainder when 206288 is divided by 68727?
107
Calculate the remainder when 8258 is divided by 1038.
992
What is the remainder when 13755 is divided by 2616?
675
Calculate the remainder when 3134970 is divided by 2.
0
Calculate the remainder when 270073 is divided by 270044.
29
Calculate the remainder when 116753059 is divided by 1952.
35
Calculate the remainder when 177550 is divided by 3073.
2389
What is the remainder when 3698174 is divided by 63?
11
What is the remainder when 6624062 is divided by 3132?
3014
What is the remainder when 893052 is divided by 8269?
0
Calculate the remainder when 263491585 is divided by 374.
357
What is the remainder when 138758 is divided by 2223?
932
What is the remainder when 1454167 is divided by 9032?
15
Calculate the remainder when 1710536 is divided by 320.
136
Calculate the remainder when 30854 is divided by 3239.
1703
What is the remainder when 4292531 is divided by 1040?
451
Calculate the remainder when 607552 is divided by 303775.
2
Calculate the remainder when 460344 is divided by 115075.
44
Calculate the remainder when 15620626 is divided by 3360.
3346
What is the remainder when 996083 is divided by 124510?
3
Calculate the remainder when 887059 is divided by 212.
51
What is the remainder when 6276741 is divided by 65?
16
What is the remainder when 1560740 is divided by 620?
200
Calculate the remainder when 1477646 is divided by 14197.
1158
What is the remainder when 16212116 is divided by 3242422?
6
What is the remainder when 95903 is divided by 1242?
269
What is the remainder when 31258201 is divided by 8?
1
What is the remainder when 2577228 is divided by 22?
16
Calculate the remainder when 37086782 is divided by 879.
14
Calculate the remainder when 50131 is divided by 2602.
693
What is the remainder 